{"id":10,"date":"2010-09-02T23:30:04","date_gmt":"2010-09-02T21:30:04","guid":{"rendered":"http:\/\/kurierskruda.pl\/index.php"},"modified":"2017-09-05T18:27:27","modified_gmt":"2017-09-05T16:27:27","slug":"redakcja","status":"publish","type":"page","link":"http:\/\/kurierskruda.pl\/index.php\/redakcja","title":{"rendered":"Redakcja"},"content":{"rendered":"<p style=\"text-align: center;\"><strong>Publikacje:<\/strong><br \/>\nArtur Czy\u017cewski<\/p>\n<p>&nbsp;<\/p>\n<p style=\"text-align: center;\">Uwaga!<br \/>\nRedakcja &#8222;Kuriera Skruda&#8221; poszukuje <strong>autor\u00f3w tekst\u00f3w, grafik\u00f3w, informatyk\u00f3w<\/strong> &#8211; ka\u017cdego, kto ma umiej\u0119tno\u015bci i czas, by pom\u00f3c nam w redagowaniu serwisu. Wszystkich ch\u0119tnych prosimy o kontakt.<\/p>\n<p>&nbsp;<\/p>\n<p style=\"text-align: center;\">Poniewa\u017c kilkakrotnie dosz\u0142o ju\u017c do nieporozumie\u0144, wyja\u015bniamy: <strong>nie oferujemy zatrudnienia ani wynagrodzenia<\/strong>, jeste\u015bmy grup\u0105 non-profit w ka\u017cdym tego okre\u015blenia znaczeniu.<\/p>\n","protected":false},"excerpt":{"rendered":"<p>Publikacje: Artur Czy\u017cewski &nbsp; Uwaga! Redakcja &#8222;Kuriera Skruda&#8221; poszukuje autor\u00f3w tekst\u00f3w, grafik\u00f3w, informatyk\u00f3w &#8211; ka\u017cdego, kto ma umiej\u0119tno\u015bci i czas, by pom\u00f3c nam w redagowaniu serwisu. Wszystkich ch\u0119tnych prosimy o kontakt. &nbsp; Poniewa\u017c kilkakrotnie dosz\u0142o ju\u017c do nieporozumie\u0144, wyja\u015bniamy: nie oferujemy zatrudnienia ani wynagrodzenia, jeste\u015bmy grup\u0105 non-profit w ka\u017cdym tego&#8230;<\/p>\n","protected":false},"author":1,"featured_media":0,"parent":0,"menu_order":3,"comment_status":"open","ping_status":"closed","template":"","meta":{"footnotes":""},"class_list":["post-10","page","type-page","status-publish","hentry"],"aioseo_notices":[],"_links":{"self":[{"href":"http:\/\/kurierskruda.pl\/index.php\/wp-json\/wp\/v2\/pages\/10"}],"collection":[{"href":"http:\/\/kurierskruda.pl\/index.php\/wp-json\/wp\/v2\/pages"}],"about":[{"href":"http:\/\/kurierskruda.pl\/index.php\/wp-json\/wp\/v2\/types\/page"}],"author":[{"embeddable":true,"href":"http:\/\/kurierskruda.pl\/index.php\/wp-json\/wp\/v2\/users\/1"}],"replies":[{"embeddable":true,"href":"http:\/\/kurierskruda.pl\/index.php\/wp-json\/wp\/v2\/comments?post=10"}],"version-history":[{"count":26,"href":"http:\/\/kurierskruda.pl\/index.php\/wp-json\/wp\/v2\/pages\/10\/revisions"}],"predecessor-version":[{"id":7427,"href":"http:\/\/kurierskruda.pl\/index.php\/wp-json\/wp\/v2\/pages\/10\/revisions\/7427"}],"wp:attachment":[{"href":"http:\/\/kurierskruda.pl\/index.php\/wp-json\/wp\/v2\/media?parent=10"}],"curies":[{"name":"wp","href":"https:\/\/api.w.org\/{rel}","templated":true}]}}

<p style="text-align: center;"><strong>Publikacje:</strong><br />
Artur Czyżewski</p>
<p>&nbsp;</p>
<p style="text-align: center;">Uwaga!<br />
Redakcja &#8222;Kuriera Skruda&#8221; poszukuje <strong>autorów tekstów, grafików, informatyków</strong> &#8211; każdego, kto ma umiejętności i czas, by pomóc nam w redagowaniu serwisu. Wszystkich chętnych prosimy o kontakt.</p>
<p>&nbsp;</p>
<p style="text-align: center;">Ponieważ kilkakrotnie doszło już do nieporozumień, wyjaśniamy: <strong>nie oferujemy zatrudnienia ani wynagrodzenia</strong>, jesteśmy grupą non-profit w każdym tego określenia znaczeniu.</p>

<p>Publikacje: Artur Czyżewski &nbsp; Uwaga! Redakcja &#8222;Kuriera Skruda&#8221; poszukuje autorów tekstów, grafików, informatyków &#8211; każdego, kto ma umiejętności i czas, by pomóc nam w redagowaniu serwisu. Wszystkich chętnych prosimy o kontakt. &nbsp; Ponieważ kilkakrotnie doszło już do nieporozumień, wyjaśniamy: nie oferujemy zatrudnienia ani wynagrodzenia, jesteśmy grupą non-profit w każdym tego&#8230;</p>
